In base 8, what is 135 + -1201?
-1044
In base 3, what is 2021 - -221020010?
221022101
In base 4, what is 2010311 - 2?
2010303
In base 3, what is 100021011201 + 1?
100021011202
In base 15, what is 3 - 5b73?
-5b70
In base 11, what is -23 - 598?
-610
In base 9, what is 221068 + -43?
221025
In base 7, what is 11505 - 561?
10614
In base 4, what is -300211 - -13211?
-221000
In base 8, what is 165307 + 11?
165320
In base 7, what is 3 + 136620?
136623
In base 4, what is 3 - -11001032?
11001101
In base 5, what is 21 + -323313?
-323242
In base 2, what is -10001101010 - -111?
-10001100011
In base 16, what is 5 + 8a13?
8a18
In base 3, what is 121 - -210210201211?
210210202102
In base 7, what is 16 - 4350?
-4331
In base 16, what is -9 + -19407?
-19410
In base 7, what is 10616010 + -2?
10616005
In base 5, what is 2 + -1030423?
-1030421
In base 11, what is 134 + a58?
1091
In base 12, what is -9935 - 8?
-9941
In base 9, what is -27651 - 5?
-27656
In base 14, what is 16 - 3a87?
-3a71
In base 7, what is 325 - 1114?
-456
In base 10, what is 43380 + 15?
43395
In base 15, what is 5 + -4e058?
-4e053
In base 8, what is 52 + 15504?
15556
In base 10, what is 25475 + -29?
25446
In base 9, what is -4 + 15381?
15376
In base 16, what is 1 - -10be17?
10be18
In base 3, what is 2011222 - -20?
2012012
In base 14, what is 49c7b + -15?
49c66
In base 14, what is 3 + -80db?
-80d8
In base 16, what is 0 - -2c6a5?
2c6a5
In base 9, what is 1 - -581787?
581788
In base 15, what is 1a0 - -5442?
55e2
In base 5, what is 14 + 411121?
411140
In base 10, what is -882 - 860?
-1742
In base 3, what is -10010222 - 10202?
-10021201
In base 6, what is -122 + -403?
-525
In base 11, what is -341 + 140a?
1079
In base 12, what is 5 - 4012?
-4009
In base 2, what is -10111000001000 + -110?
-10111000001110
In base 2, what is 1000 - 1101110000111100?
-1101110000110100
In base 2, what is -11110101100100 + -1?
-11110101100101
In base 8, what is -13 - 25456?
-25471
In base 6, what is 204002 + -3?
203555
In base 16, what is -265 + -74f?
-9b4
In base 14, what is 7b - -975?
a12
In base 8, what is 3021030 - 0?
3021030
In base 13, what is 122b + -1?
122a
In base 15, what is -1c566 - -2?
-1c564
In base 5, what is 344 - 1121?
-222
In base 16, what is -6d5 - -2f?
-6a6
In base 15, what is 3a9a5 - -2?
3a9a7
In base 11, what is -79 + -218?
-296
In base 9, what is 473 - 837?
-354
In base 15, what is -143b + 155?
-12d6
In base 2, what is -11 + -101000101011001001?
-101000101011001100
In base 14, what is 9 - 8725c?
-87253
In base 15, what is -141ad - -5?
-141a8
In base 10, what is 41147 + 5?
41152
In base 6, what is 101523 + 215?
102142
In base 7, what is 156523 + -36?
156454
In base 16, what is 295 - -268?
4fd
In base 11, what is 9657 + 2?
9659
In base 2, what is -101010100000 - -110110101?
-100011101011
In base 13, what is -4 - -13692?
1368b
In base 5, what is 1 - 3002340?
-3002334
In base 3, what is -2 + -122201022?
-122201101
In base 15, what is 362 - -5c2?
934
In base 4, what is -110 - 22011110?
-22011220
In base 4, what is -11 - 20012221?
-20012232
In base 2, what is -1110001010110001 + -10111?
-1110001011001000
In base 13, what is -1b06 - -14?
-1ac2
In base 6, what is 134552 + 5?
135001
In base 9, what is -555 + -3?
-558
In base 5, what is 200314 + 0?
200314
In base 16, what is -5 + -3b62?
-3b67
In base 7, what is 1222 + -562?
330
In base 2, what is -1011111 - 100111011?
-110011010
In base 8, what is -2300270 - -4?
-2300264
In base 15, what is -7 + -64b31?
-64b38
In base 6, what is 2044231 + 3?
2044234
In base 6, what is 13132 + -30?
13102
In base 6, what is -14 + -50354?
-50412
In base 6, what is -3 + -142554?
-143001
In base 5, what is 10 + 21340423?
21340433
In base 8, what is 3021 - -3415?
6436
In base 9, what is -6075 - 326?
-6412
In base 7, what is 1206 - -3301?
4510
In base 12, what is 1ba5 + -4?
1ba1
In base 5, what is 134 + 11013?
11202
In base 10, what is -7543 - 7?
-7550
In base 2, what is 1111101100 + -11001011101?
-1001110001
In base 8, what is 2235650 - -3?
2235653
In base 2, what is -1001101100001 + -10?
-1001101100011
In base 16, what is -1a440 - -4d?
-1a3f3
In base 11, what is 5 + -33a1?
-3397
In base 11, what is -1 + -5562?
-5563
In base 7, what is -1 + -10333?
-10334
In base 9, what is -10373761 + -5?
-10373766
In base 15, what is -5 - -3355?
3350
In base 14, what is -10 - -5d1?
5c1
In base 12, what is -24 - b9a?
-1002
In base 4, what is -120 - 132132?
-132312
In base 16, what is -139ae + -1?
-139af
In base 11, what is a - 4086?
-4077
In base 3, what is -2022020221 - 0?
-2022020221
In base 8, what is 17 + -47?
-30
In base 14, what is -465a - -2?
-4658
In base 10, what is -5 + -15837?
-15842
In base 15, what is e72 - -61?
ed3
In base 14, what is -1 + 10519?
10518
In base 15, what is 1 - 1042b?
-1042a
In base 2, what is 10010001 - -1000011001?
1010101010
In base 8, what is -13504 - 2?
-13506
In base 12, what is 4 - -2305?
2309
In base 9, what is -5 + -11364?
-11370
In base 10, what is 3641 - 76?
3565
In base 5, what is 1 + 13113222?
13113223
In base 11, what is 61975 - -4?
61979
In base 13, what is 1ba23 - -3?
1ba26
In base 13, what is -3 + -5546?
-5549
In base 6, what is -4 + 103101?
103053
In base 9, what is 76653 - -6?
76660
In base 4, what is -1123320 - -2?
-1123312
In base 10, what is -81805 + -15?
-81820
In base 7, what is 3 - -10522433?
10522436
In base 11, what is -a9a + -3?
-aa2
In base 9, what is 3 + 1582?
1585
In base 8, what is 1 - -415307?
415310
In base 16, what is 56 + -838?
-7e2
In base 8, what is 55333 + -6?
55325
In base 12, what is 24a05 + -16?
249ab
In base 9, what is -401 - 264?
-665
In base 6, what is 20133534 - 1?
20133533
In base 13, what is 69355 - -4?
69359
In base 4, what is -2003 - 1002011?
-1010020
In base 11, what is -43 - 37a?
-412
In base 10, what is 42367 - -5?
42372
In base 10, what is -19 + -11010?
-11029
In base 6, what is 110 - 3100?
-2550
In base 2, what is -101101 - 101110101001111011?
-101110101010101000
In base 9, what is 5 + -22465?
-22460
In base 16, what is -d + -2a4b?
-2a58
In base 4, what is 102 - -12013333?
12020101
In base 4, what is -2133 + -110220?
-113013
In base 6, what is -3535 + -3431?
-11410
In base 13, what is c3 - 846?
-753
In base 8, what is -1052157 + 3?
-1052154
In base 12, what is 2 - 1999b?
-19999
In base 6, what is 1421300 + 1?
1421301
In base 15, what is 437c + 2?
437e
In base 2, what is -1 + -10101100011101101110?
-10101100011101101111
In base 11, what is 13 - 2126a?
-21257
In base 8, what is 3031272 + 5?
3031277
In base 8, what is 522240 - 4?
522234
In base 16, what is -1 - cfc45?
-cfc46
In base 16, what is 7dc + 11?
7ed
In base 7, what is -11160042 - -4?
-11160035
In base 13, what is -5 + 3022b4?
3022ac
In base 16, what is -a3 + 28?
-7b
In base 14, what is 93 + 58d?
642
In base 16, what is -47b + -20?
-49b
In base 14, what is 2b + -932?
-905
In base 11, what is -10a + 18?
-a2
In base 8, what is 5634 + -14?
5620
In base 8, what is -3064070 - -1?
-3064067
In base 12, what is 636 + -109?
529
In base 12, what is 9 - -70ba8?
70bb5
In base 15, what is 1b0 + 31a?
4ca
In base 11, what is 1 + 88139?
8813a
In base 8, what is 360 + -243?
115
In base 8, what is 2 - -4353?
4355
In base 5, what is -10 + 30032?
30022
In base 14, what is 0 - 2a7ad6?
-2a7ad6
In base 2, what is 101000011 + -11?
101000000
In base 3, what is 212112 + -20?
212022
In base 13, what is 6a9 + 40?
719
In base 13, what is 62 - -13c1?
1453
In base 7, what is 5656541 - 2?
5656536
In base 13, what is 16a2 + -71c?
c83
In base 8, what is 12 - 11432?
-11420
In base 4, what is -1322203 + 113?
-1322030
In base 14, what is 191127 + 5?
19112c
In base 15, what is -4 + -7b3c?
-7b41
In base 14, what is 3 + -11085?
-11082
In base 13, what is a6835 + -5?
a6830
In base 3, what is -11100 - -1021220?
1010120
In base 6, what is 2 + 3323?
3325
In base 6, what is -11540 + -43?
-12023
In base 8, what is 2 - 31?
-27
In base 2, what is 1 + 111000000001001?
111000000001010
In base 11, what is 14752 - -5?
14757
In base 2, what is 1011110011110100 + 0?
1011110011110100
In base 10, what is -65 + 7882?
7817
In base 10, what is -198 + 234?
36
In base 12, what is -4 + -32642?
-32646
In base 9, what is -14178 - 1?
-14180
In base 6, what is 1 - -52344040?
52344041
In base 16, what is -9 + 735?
72c
In ba